{"id":6867,"date":"2024-03-23T16:41:36","date_gmt":"2024-03-23T16:41:36","guid":{"rendered":"https:\/\/www.necsamx.com\/TiendadeMaterialElectrico\/producto\/foco-led-de-emergencia-36w-amablel\/"},"modified":"2024-04-15T22:40:22","modified_gmt":"2024-04-15T22:40:22","slug":"foco-led-de-emergencia-36w-amablel","status":"publish","type":"product","link":"https:\/\/www.necsamx.com\/TiendadeMaterialElectrico\/producto\/foco-led-de-emergencia-36w-amablel\/","title":{"rendered":"Foco Led De Emergencia 36W Amableluz"},"content":{"rendered":"<p>Foco Led De Emergencia 36W Amableluz<br \/>\nEste foco no requiere instalaci\u00f3n, tan solo tienes que colgarlo. Cuenta con tecnolog\u00eda LED que te permitir\u00e1 ahorrar y optimizar la carga el\u00e9ctrica. Regula su intensidad.<br \/>\nCaracter\u00edsticas principales<br \/>\n\u2022 Marca: Amableluz.<br \/>\n\u2022 Modelo: UG01W36.<br \/>\n\u2022 Color: Blanco.<br \/>\n\u2022 Brillo: 2500Lm.<br \/>\n\u2022 Ahorra de energ\u00eda: 80%.<br \/>\n\u2022 Cri: 80<br \/>\n\u2022 Bater\u00eda cargada: 6-8h<br \/>\n\u2022 Temperatura del color: 6500k<br \/>\n\u2022 Horas de vida: 50 000h.<\/p>\n","protected":false},"excerpt":{"rendered":"<p>Foco Led De Emergencia 36W Amableluz<br \/>\nEste foco no requiere instalaci\u00f3n, tan solo tienes que colgarlo. Cuenta con tecnolog\u00eda LED que te permitir\u00e1 ahorrar y optimizar la carga el\u00e9ctrica. Regula su intensidad.<\/p>\n","protected":false},"featured_media":7052,"comment_status":"open","ping_status":"closed","template":"","meta":{"_joinchat":[]},"product_brand":[],"product_cat":[300,381,382],"product_tag":[],"class_list":{"0":"post-6867","1":"product","2":"type-product","3":"status-publish","4":"has-post-thumbnail","6":"product_cat-foco","7":"product_cat-luminaria","8":"product_cat-luz","10":"first","11":"instock","12":"shipping-taxable","13":"product-type-simple"},"_links":{"self":[{"href":"https:\/\/www.necsamx.com\/TiendadeMaterialElectrico\/wp-json\/wp\/v2\/product\/6867","targetHints":{"allow":["GET"]}}],"collection":[{"href":"https:\/\/www.necsamx.com\/TiendadeMaterialElectrico\/wp-json\/wp\/v2\/product"}],"about":[{"href":"https:\/\/www.necsamx.com\/TiendadeMaterialElectrico\/wp-json\/wp\/v2\/types\/product"}],"replies":[{"embeddable":true,"href":"https:\/\/www.necsamx.com\/TiendadeMaterialElectrico\/wp-json\/wp\/v2\/comments?post=6867"}],"wp:featuredmedia":[{"embeddable":true,"href":"https:\/\/www.necsamx.com\/TiendadeMaterialElectrico\/wp-json\/wp\/v2\/media\/7052"}],"wp:attachment":[{"href":"https:\/\/www.necsamx.com\/TiendadeMaterialElectrico\/wp-json\/wp\/v2\/media?parent=6867"}],"wp:term":[{"taxonomy":"product_brand","embeddable":true,"href":"https:\/\/www.necsamx.com\/TiendadeMaterialElectrico\/wp-json\/wp\/v2\/product_brand?post=6867"},{"taxonomy":"product_cat","embeddable":true,"href":"https:\/\/www.necsamx.com\/TiendadeMaterialElectrico\/wp-json\/wp\/v2\/product_cat?post=6867"},{"taxonomy":"product_tag","embeddable":true,"href":"https:\/\/www.necsamx.com\/TiendadeMaterialElectrico\/wp-json\/wp\/v2\/product_tag?post=6867"}],"curies":[{"name":"wp","href":"https:\/\/api.w.org\/{rel}","templated":true}]}}