{"id":5624,"date":"2021-11-25T18:07:24","date_gmt":"2021-11-25T18:07:24","guid":{"rendered":"https:\/\/www.necsamx.com\/TiendadeMaterialElectrico\/producto\/tpp0133-tubo-pvc-sp-de-1-2\/"},"modified":"2024-05-10T18:56:02","modified_gmt":"2024-05-10T18:56:02","slug":"tpp0133-tubo-pvc-sp-de-1-2","status":"publish","type":"product","link":"https:\/\/www.necsamx.com\/TiendadeMaterialElectrico\/producto\/tpp0133-tubo-pvc-sp-de-1-2\/","title":{"rendered":"TPP0133 TUBO PVC SP DE 1\/2&#8243;"},"content":{"rendered":"<p><strong>TUBO PVC SP DE 1\/2&#8243;.<\/strong><br \/>\nCada tubo Conduit alojar\u00e1 diversos tipos de conductores el\u00e9ctricos, protegiendo instalaciones industriales, comerciales y residenciales.<br \/>\nNuestros Coples servir\u00e1n de puente para segmentos de tubo, uni\u00e9ndolos entre s\u00ed y sell\u00e1ndolos con cemento para tuber\u00edas de PVC.<br \/>\nSe ofrecen en los mismos di\u00e1metros y espesores de los tubos.<br \/>\nToda la l\u00ednea Conduit PVC est\u00e1 dise\u00f1ada para ofrecer compatibilidad con tuber\u00edas y accesorios que correspondan a sus di\u00e1metros nominales sin importar el material.<br \/>\nAmbas tuber\u00edas se fabrican de acuerdo con la norma NMX-E-012-VIGENTE, se surten en color verde olivo con un extremo abocinado y con una longitud total de 3 m.<br \/>\n<strong>CARACTERISTICAS.<\/strong><br \/>\n\u2022 Color: Verde Olivo.<br \/>\n\u2022 Material: PVC.<br \/>\n\u2022 Acabado: PVC pesado.<br \/>\n\u2022 Certificaciones de productos: NMX-E-012-SCFI-1999.<br \/>\n\u2022 Medida: 13 mm (1\/2 pulg).<\/p>\n","protected":false},"excerpt":{"rendered":"<p><strong>TUBO PVC SP DE 1\/2&#8243;.<\/strong><br \/>\nCada tubo Conduit alojar\u00e1 diversos tipos de conductores el\u00e9ctricos, protegiendo instalaciones industriales, comerciales y residenciales.<\/p>\n","protected":false},"featured_media":6796,"comment_status":"closed","ping_status":"closed","template":"","meta":{"_joinchat":[]},"product_brand":[],"product_cat":[622],"product_tag":[],"class_list":{"0":"post-5624","1":"product","2":"type-product","3":"status-publish","4":"has-post-thumbnail","6":"product_cat-tubo-pvc","8":"first","9":"instock","10":"product-type-simple"},"_links":{"self":[{"href":"https:\/\/www.necsamx.com\/TiendadeMaterialElectrico\/wp-json\/wp\/v2\/product\/5624","targetHints":{"allow":["GET"]}}],"collection":[{"href":"https:\/\/www.necsamx.com\/TiendadeMaterialElectrico\/wp-json\/wp\/v2\/product"}],"about":[{"href":"https:\/\/www.necsamx.com\/TiendadeMaterialElectrico\/wp-json\/wp\/v2\/types\/product"}],"replies":[{"embeddable":true,"href":"https:\/\/www.necsamx.com\/TiendadeMaterialElectrico\/wp-json\/wp\/v2\/comments?post=5624"}],"wp:featuredmedia":[{"embeddable":true,"href":"https:\/\/www.necsamx.com\/TiendadeMaterialElectrico\/wp-json\/wp\/v2\/media\/6796"}],"wp:attachment":[{"href":"https:\/\/www.necsamx.com\/TiendadeMaterialElectrico\/wp-json\/wp\/v2\/media?parent=5624"}],"wp:term":[{"taxonomy":"product_brand","embeddable":true,"href":"https:\/\/www.necsamx.com\/TiendadeMaterialElectrico\/wp-json\/wp\/v2\/product_brand?post=5624"},{"taxonomy":"product_cat","embeddable":true,"href":"https:\/\/www.necsamx.com\/TiendadeMaterialElectrico\/wp-json\/wp\/v2\/product_cat?post=5624"},{"taxonomy":"product_tag","embeddable":true,"href":"https:\/\/www.necsamx.com\/TiendadeMaterialElectrico\/wp-json\/wp\/v2\/product_tag?post=5624"}],"curies":[{"name":"wp","href":"https:\/\/api.w.org\/{rel}","templated":true}]}}